greatest common factor of 15840 and 52049250.
990
What is the highest common factor of 581 and 69055?
7
What is the highest common factor of 768 and 520?
8
Calculate the greatest common factor of 22496 and 402116.
2812
Calculate the greatest common divisor of 782 and 123505.
17
What is the highest common divisor of 211856 and 1396?
4
Calculate the highest common divisor of 660 and 52883295.
15
What is the highest common factor of 15493868 and 442?
442
Calculate the greatest common factor of 98 and 24834866.
98
What is the highest common divisor of 3957 and 328529925?
3957
Calculate the highest common factor of 352 and 164371328.
352
What is the highest common divisor of 2751 and 336966?
21
Calculate the greatest common divisor of 10935975 and 15.
15
What is the highest common divisor of 21713914 and 1046?
1046
Calculate the highest common divisor of 45816 and 8561244.
276
What is the greatest common factor of 5568 and 7371632?
16
Calculate the greatest common divisor of 6601 and 276955.
287
Calculate the greatest common divisor of 1474 and 4511981.
67
Calculate the highest common divisor of 197384 and 825.
11
What is the highest common divisor of 73816601 and 68?
17
What is the highest common divisor of 22774849 and 5542?
2771
What is the greatest common factor of 21506085 and 360?
45
Calculate the greatest common factor of 127759 and 151173.
509
Calculate the highest common factor of 1086 and 87198.
6
What is the greatest common divisor of 662040 and 380?
20
Calculate the greatest common divisor of 21 and 352196061.
21
What is the highest common divisor of 2418281 and 464?
29
What is the highest common factor of 424 and 48576090?
106
What is the highest common divisor of 208 and 121636528?
208
Calculate the greatest common factor of 220 and 34429560.
220
Calculate the highest common factor of 10 and 6461215.
5
What is the highest common divisor of 7773226 and 1970?
394
Calculate the highest common factor of 25199902 and 546.
182
What is the greatest common divisor of 2727685 and 1840?
115
Calculate the greatest common factor of 577111560 and 120.
120
What is the highest common factor of 26368 and 320?
64
What is the greatest common factor of 76109 and 54723?
629
What is the highest common divisor of 4473 and 292887?
63
What is the highest common divisor of 3780922 and 1703?
131
Calculate the highest common factor of 24332 and 31286948.
308
What is the highest common factor of 2824 and 3463283?
353
Calculate the highest common factor of 840722751 and 11.
11
Calculate the highest common divisor of 1722187 and 1.
1
What is the greatest common divisor of 4082 and 20566?
26
Calculate the greatest common factor of 5564 and 157935531.
1391
Calculate the highest common factor of 5577492 and 30441.
219
What is the highest common divisor of 114808 and 29464?
1016
What is the highest common divisor of 7259 and 5815496?
1037
Calculate the highest common factor of 42091 and 153335.
7
Calculate the greatest common divisor of 24066365 and 36825.
2455
Calculate the highest common factor of 2559466 and 107666.
1066
Calculate the greatest common factor of 11 and 62759961.
11
Calculate the highest common factor of 720954 and 18.
18
What is the highest common factor of 3064 and 69578461?
383
Calculate the highest common factor of 129 and 24311082.
129
Calculate the greatest common divisor of 7840242 and 4086.
18
What is the highest common divisor of 22113 and 42504?
21
Calculate the highest common divisor of 2279 and 54601607.
53
What is the greatest common divisor of 48 and 23327064?
24
Calculate the greatest common divisor of 7120 and 711644.
356
What is the highest common factor of 3399 and 401907?
33
What is the highest common factor of 66414808 and 8?
8
What is the highest common divisor of 338 and 660712?
26
Calculate the greatest common factor of 5680 and 272708160.
5680
Calculate the greatest common factor of 447601700 and 10504.
5252
Calculate the greatest common divisor of 2860 and 101502700.
260
Calculate the highest common divisor of 2275 and 43199.
13
Calculate the highest common divisor of 28757832 and 216.
24
What is the highest common divisor of 426 and 7462526?
142
What is the highest common factor of 1663593574 and 53?
53
What is the greatest common divisor of 25 and 1286870?
5
Calculate the greatest common factor of 1536 and 14428416.
768
Calculate the greatest common divisor of 299 and 2654769.
13
What is the highest common divisor of 5192960 and 15?
5
What is the highest common factor of 405911 and 209?
11
Calculate the greatest common divisor of 27855243 and 26.
13
Calculate the highest common factor of 283276 and 13936.
268
What is the highest common factor of 47876 and 4604?
4
Calculate the greatest common factor of 10382064 and 2376.
264
Calculate the greatest common factor of 14992880 and 55760.
3280
What is the greatest common factor of 1334 and 2036769209?
667
What is the greatest common factor of 135 and 223774596?
27
What is the highest common factor of 40 and 191319910?
10
What is the greatest common factor of 6900267 and 5907?
33
Calculate the highest common factor of 14193 and 1244751.
249
What is the greatest common divisor of 7709471 and 767?
59
What is the highest common divisor of 1575 and 5955775?
175
What is the greatest common factor of 52323 and 6288497?
107
Calculate the highest common divisor of 5160 and 4817040.
120
Calculate the highest common divisor of 172536 and 23688.
168
Calculate the highest common factor of 3682248 and 84.
12
Calculate the highest common divisor of 33718 and 22879862.
1466
Calculate the highest common factor of 1340 and 14403100.
20
What is the greatest common divisor of 1991556 and 137340?
252
What is the greatest common factor of 28 and 38138660?
28
Calculate the greatest common divisor of 263186 and 185724.
154
Calculate the highest common factor of 13848 and 4747556.
2308
Calculate the greatest common factor of 28053532 and 79.
79
Calculate the greatest common divisor of 100 and 2137854100.
100
Calculate the highest common factor of 892 and 25914607.
223
Calculate the greatest common divisor of 112873262 and 154850.
6194
Calculate the greatest common divisor of 59256 and 5956051.
823
Calculate the highest common factor of 2300 and 40450.
50
What is the highest common divisor of 66 and 42910593?
33
What is the highest common factor of 487113 and 40194?
957
Calculate the greatest common factor of 8506609 and 2425.
97
What is the highest common divisor of 520 and 11416145?
65
Calculate the greatest common factor of 34024683 and 3828.
33
Calculate the highest common factor of 32732 and 6370048.
668
Calculate the greatest common divisor of 343642 and 832.
26
Calculate the greatest common divisor of 8660 and 2530287460.
8660
Calculate the greatest common divisor of 162 and 105926.
2
What is the greatest common factor of 5900000 and 335120?
4720
What is the greatest common factor of 1351 and 6620479?
193
What is the highest common factor of 124670 and 7605?
65
What is the greatest common divisor of 320 and 3816700?
20
Calculate the greatest common divisor of 2748 and 231276.
12
Calculate the highest common factor of 476 and 245920.
4
Calculate the greatest common factor of 48279 and 445753.
77
Calculate the highest common divisor of 24 and 973537.
1
Calculate the greatest common divisor of 8959 and 21403.
17
Calculate the highest common divisor of 184 and 2604382.
46
Calculate the greatest common factor of 40612 and 21538205.
923
Calculate the greatest common divisor of 3834429 and 1356.
339
What is the highest common divisor of 285 and 37666170?
285
Calculate the greatest common divisor of 206527880 and 8.
8
Calculate the highest common divisor of 876 and 9309252.
876
Calculate the highest common factor of 362 and 1252377010.
362
What is the highest common divisor of 786454 and 8194?
34
What is the highest common divisor of 2152 and 562088?
8
Calculate the highest common divisor of 273966 and 15015.
231
Calculate the highest common factor of 30896733 and 4011.
4011
What is the highest common divisor of 193956 and 185640?
84
What is the highest common divisor of 162448 and 50688?
176
What is the highest common factor of 17920928 and 2848?
32
Calculate the greatest common factor of 140 and 331